st the prime factors of q.
2
Let n(z) = -z**3 + 6*z**2 - 4*z - 5. Let b be n(4). Suppose 3*k - 3 = -3*s, 4*s + s - k - b = 0. List the prime factors of s.
2
Suppose -v = 3*k + 3*v + 5, 5*k - 10 = -3*v. Let t = -2 + k. Suppose -t*a - a + 40 = 0. List the prime factors of a.
2, 5
Suppose -4*n = 2*q + 134, 0*q - n = -2*q - 129. Let w = -44 - q. What are the prime factors of w?
3, 7
Let t = 120 + -30. List the prime factors of t.
2, 3, 5
Suppose -4*k + 553 - 157 = 0. What are the prime factors of k?
3, 11
Let m(f) = 3*f**2 - 2*f - 47. Let h(y) = -2*y**2 + y + 24. Let w(i) = -5*h(i) - 3*m(i). What are the prime factors of w(0)?
3, 7
Suppose 2*z + 11 - 43 = 0. What are the prime factors of z?
2
Let x = -23 + 14. What are the prime factors of (-381)/x - 2/6?
2, 3, 7
Suppose -2*p + 145 - 15 = 0. List the prime factors of p.
5, 13
Let s = -12 - -3. Let a = s + 13. Suppose 0 = a*t + l - 2*l - 36, 3*l = -2*t + 18. List the prime factors of t.
3
What are the prime factors of 7/(42/(-16))*-6?
2
Let q(p) = -p**2 + 12*p - 11. Let o be q(11). Suppose o = -2*s + 6. What are the prime factors of s?
3
Let w be ((-182)/(-21))/((-4)/(-30)). Suppose -7 = -4*l + w. What are the prime factors of l?
2, 3
Let q = 75 - 53. List the prime factors of q.
2, 11
Let q = 47 - 20. List the prime factors of q.
3
Suppose 103 + 97 = 2*u. List the prime factors of u.
2, 5
Let a = -5 + 3. Let f(p) = -2*p**3 + p**2 + 2*p + 1. What are the prime factors of f(a)?
17
Suppose -5*y - 21 = -8*y. List the prime factors of y.
7
What are the prime factors of (-6 + 72)/(-1 - -3)?
3, 11
Suppose -5*o + 56 = -o. Suppose 0 = j - 0*j - o. What are the prime factors of j?
2, 7
Let p(f) = -f**3 + 5*f**2 + 8*f + 2. List the prime factors of p(4).
2, 5
Let t(r) = r**3 + 7*r**2 + 5*r. Let u be (-23)/4 - (-3)/(-12). Let s be t(u). What are the prime factors of ((-75)/s)/(-5)*2?
5
Let q = -8 - -14. Suppose t = o - 6, -q*o + o - t + 24 = 0. Suppose 36 = o*c + 3*h, 2*h + 0*h + 26 = 5*c. What are the prime factors of c?
2, 3
Let j(a) be the third derivative of 1/24*a**4 + 0*a + 1/3*a**3 - a**2 + 0. List the prime factors of j(6).
2
Suppose 6 = -2*s + 4*s. Suppose t - 96 + 41 = -3*r, -s*t + 97 = 5*r. Let d = r - 5. What are the prime factors of d?
2, 3
Let g(p) = -p + 4. Let j be g(3). Suppose -j = -5*w - 21. Let v(x) = -2*x + 3. List the prime factors of v(w).
11
Let g be (24/(-15))/(2/(-5)). Suppose 35 + g = n. Let l = n + -22. What are the prime factors of l?
17
Let c be 2/6*(-1 - -1). Suppose 2*p + 3*k - 18 = 0, 5*k - 11 = -0*p + 3*p. Suppose p*o = -c*o - u + 28, o = -u + 10. List the prime factors of o.
3
Let j = -27 + 48. What are the prime factors of j?
3, 7
Let i be 64/6 + (-7)/(-21). Suppose q - 13 = i. List the prime factors of q.
2, 3
Let z = 210 + 131. List the prime factors of z.
11, 31
Suppose m = 222 - 62. What are the prime factors of m?
2, 5
Suppose 3*r = 2*v - 508, r - 1478 = -5*v - 225. List the prime factors of v.
251
Let q(u) be the second derivative of -u**4/12 + 5*u**3/3 + 7*u**2 - 2*u. Let t be q(11). List the prime factors of (-55)/(-20) - t/4.
2
Let i = -1 - -3. Suppose i*d - 4*g + g - 23 = 0, -5*d + g = -77. Let h = -4 + d. List the prime factors of h.
2, 3
Let p = -32 - -50. Let q = 17 + p. Suppose 5*g - 10 = q. What are the prime factors of g?
3
Let d(o) = -o**3 + 7*o**2 - 4*o - 1. Suppose -5*t + 0 = -3*q + 10, 3*q = 3*t + 18. Let w = 16 - q. What are the prime factors of d(w)?
11
Let f be 1 + -2 + 2 + 7. List the prime factors of ((-20)/1)/(f + -10).
2, 5
Let i = 16 + -33. Let s be (3/3*i)/(-1). Suppose v + 22 = -5*x, -5*v + 2*x = -8 - s. List the prime factors of v.
3
Suppose 4*d - 136 = 5*i + 32, 25 = d + 3*i. What are the prime factors of d?
37
Let k = 18 + -36. Let q be 128/5 + (-4)/(-10). Let t = k + q. List the prime factors of t.
2
Let a = -6 + 3. Let r = 1 + a. List the prime factors of 1*4 + r + 0.
2
Let l(m) = m**3 + 8*m**2 - 2*m - 7. Let s be l(-8). What are the prime factors of (-6)/s*(-81)/6?
3
Let w(o) be the first derivative of -3*o**4/2 - o**3 - 3*o**2/2 - o - 3. Let c be w(-2). Let f = -29 + c. List the prime factors of f.
2, 3
Suppose -2*q = -5*o + 12, 4*o + q = -3*q + 4. Suppose 44 = o*x + p, 3*p - p = -x + 16. What are the prime factors of x?
2, 3
Let g = -7 - -20. Let c = g - 8. Let n(h) = h + 5. What are the prime factors of n(c)?
2, 5
Let l = 21 + -11. What are the prime factors of l?
2, 5
What are the prime factors of 136/10 - (-4)/10?
2, 7
Suppose -o + 43 = -4. What are the prime factors of o?
47
Suppose -3*w = -14 - 1. Suppose -16 - 2 = -3*f - w*b, 0 = -b. List the prime factors of f.
2, 3
List the prime factors of (-42)/(-4)*1160/60.
7, 29
Let b(r) = -r**3 - r**2 + 18. Let m be b(0). Let h = m - 10. List the prime factors of h.
2
Let r(x) = x**2 + x + 2. Let j be r(-2). Let q be (6/j)/(3/6). Suppose 16 = q*a + f, a - 8 = 5*f + 8. List the prime factors of a.
2, 3
Suppose r + 9 = 4*r. Let d be 7*(-6)/(r + -6). List the prime factors of (-4)/(12/(-9)) + d.
17
Let h(t) = -2*t + 6. Let c be h(6). Let m = 9 - c. What are the prime factors of m?
3, 5
Suppose -3*o - 25 = 2*o - 5*l, 0 = 4*l - 8. Let w be 2/10 - o/(-15). List the prime factors of -14*(1/(-2) - w).
7
Let h = 1 - 2. Let l be (-2 - -2) + h + 11. Let n = 22 - l. What are the prime factors of n?
2, 3
Let a be ((-32)/1)/(2/(-1)). Suppose 3*p = -4*v - 22, 5*v - 4*v = 4*p + 42. Let s = p + a. What are the prime factors of s?
2, 3
Let v = 140 + -51. List the prime factors of v.
89
Let h(s) = s + 27. Suppose 47 + 11 = -4*a + 2*y, 0 = -a + 3*y - 27. List the prime factors of h(a).
3, 5
Let t be -3 - (-22)/8 - 26/(-8). Suppose -108 = -2*b - 0*l + 2*l, 3*b + 3*l - 150 = 0. Suppose -p + b = t*p. List the prime factors of p.
13
Suppose 4*a = 6*a - 94. Let z = -26 + a. List the prime factors of z.
3, 7
Let t(g) = g**3 - 10*g**2 - 17*g - 10. What are the prime factors of t(12)?
2, 37
Let g(v) = -4*v + 1. Let d(z) = z + 3. Let o be d(-5). List the prime factors of g(o).
3
Let c(m) be the second derivative of -m**5/60 - 5*m**4/24 + m**3/6 - m. Let q(g) be the second derivative of c(g). What are the prime factors of q(-5)?
5
Suppose 303 = 5*c - 2*c. Let t = 145 - c. Suppose 52 = 2*a + 5*v, 3*a - 6*a + t = -v. What are the prime factors of a?
2
Let b = 10 + -6. Suppose -b*d + 66 = -38. What are the prime factors of d?
2, 13
Suppose 0 = -0*d + 2*d - 5*o + 38, 0 = 4*d - 3*o + 104. Let t = 66 + d. What are the prime factors of t?
37
Let b(q) = -q**2 - 9*q + 14. Let g be b(-10). Suppose s = g - 1. What are the prime factors of s?
3
List the prime factors of ((-24)/5)/((-4)/190).
2, 3, 19
Suppose 8 = 3*m + 26. Let a be 9/(-6)*24/(-9). Let c = a - m. List the prime factors of c.
2, 5
Suppose 2*m - t - 83 = 0, -5*m - 2*t - 32 = -244. What are the prime factors of m?
2, 3, 7
Suppose -b = u - 115 - 22, 2*b = -3*u + 410. Let s = u - 97. What are the prime factors of s?
3, 13
Let i(m) = -m - 6. Let y be i(-8). Suppose -y*p - 34 = -3*p. List the prime factors of p.
2, 17
Let w(t) = -t - 16. Suppose 2*j - 7*j + 55 = 0. Let m be w(j). List the prime factors of m/(-2) + 1/(-2).
13
Suppose 4*n + 104 = -4*g, -6 = -n - 5*g - 40. Let u be (1 - 14/8)*n. What are the prime factors of u/4 + (-2)/(-4)?
5
List the prime factors of (-1)/(2/152)*10/(-8).
5, 19
Suppose -5 = -4*q - 21. Let h be (3 - 1)/(q/8). List the prime factors of 116/14 - h/(-14).
2
Suppose 0 = 3*g - 3 - 21. Let d be (6/5)/(g/20). List the prime factors of d - (-1 + 6/3).
2
Let j(a) = a + 1 + 3*a - a. List the prime factors of j(2).
7
Let b(z) = -z**3 - 2*z**2 + 3*z + 9. Let p be b(-7). Suppose -53 + p = 4*h. What are the prime factors of h?
3, 5
Suppose 0 = 3*o - 2*w - 556, o - 392 = -o - 4*w. What are the prime factors of o?
2, 47
Let z = 57 + -16. List the prime factors of z.
41
Suppose l = -4*n + 4*l + 42, -3*n - 4*l = -44. List the prime factors of n.
2, 3
Suppose 45 = -4*y - y + 5*m, 4*m - 8 = -3*y. Let n be 22 + (0 - (2 + y)). List the prime factors of (1/(-3))/((-2)/n).
2
Let t(o) = -o**3 - 5*o**2 + 7*o + 8. Let i be t(-6). Suppose -i*c - 2*c = -92. Let y = c - 9. List the prime factors of y.
2, 7
List the prime factors of (-6)/18*(1 + -142).
47
Let g(j) = 4*j. Let y be g(6). Suppose q + q - y = 0. List the prime factors of q.
2, 3
Suppose -12 = -3*h, -h - 3